remainder when 163 is divided by b(-9)?
13
Suppose -10*t - 5*p + 32 = -4*t, -4*t = p - 12. Let l(n) = -n**2 - 10*n + 2. Let z be l(-11). Calculate the remainder when 12/(-4)*21/z is divided by t.
1
Suppose -16530 = 9*j - 16764. Calculate the remainder when 66 is divided by j.
14
Let x(r) = -19*r - 47. Let y be x(-13). Suppose -659*t + 654*t = -y. Calculate the remainder when 79 is divided by t.
39
Let a = 684 + 236. Let x = a + -490. What is the remainder when x is divided by 54?
52
Suppose 9*l - 50 = 157. What is the remainder when 183 is divided by l?
22
Suppose -310 + 247 = -3*w + x, -68 = -4*w - 4*x. Calculate the remainder when 8237 is divided by w.
17
Let c be 0/36 - (0 + -5). Suppose 9*a = c*a + 68. Calculate the remainder when 59 is divided by a.
8
Let z(v) = -v + 10. Let d be z(3). Let k(j) = 903*j - 9 - 890*j - 13 - j**3 + 7*j**2. What is the remainder when k(d) is divided by 18?
15
Suppose -t = 2*n - 231, 2*n - 1194 = -5*t + 5*n. Suppose 5*h + t = 9*h - 3*z, h - z = 58. What is the remainder when h is divided by 17?
12
Let s = -70 - -200. Let g be 16/(-6)*(1*-14 - 4). Calculate the remainder when s is divided by -66*(-6)/g*4.
31
Let f = -448 - -503. Let z = f + -12. What is the remainder when 214 is divided by z?
42
Suppose 11*d + 34*d - 27270 = 0. Calculate the remainder when d is divided by 86.
4
Suppose -8*t = -10*t - c + 232, -2*c + 348 = 3*t. Suppose 4*z - 5*h = 128, 5*h - 7*h - t = -4*z. Calculate the remainder when z is divided by 13.
1
Let i = -20 - -11. Let t(g) = -g**2 - 9*g + 13. Suppose -20 = 5*k - 10*k + 3*d, -4*k = 3*d - 43. What is the remainder when t(i) is divided by k?
6
Let n(a) = 71*a**3 - 3*a**2 - 3*a - 1. Let m be n(-1). Let f be (-16)/m + (-34)/(-9). Let s(j) = 6*j + 23. Calculate the remainder when s(f) is divided by 16.
15
Let l = 3289 - 3216. What is the remainder when 290 is divided by l?
71
Calculate the remainder when 571 is divided by 36/7*(-24)/(-288)*56.
19
Let p = 651 + -576. Let s be ((-18)/15)/((-2)/(-5)). What is the remainder when p is divided by 11 + s*(-6)/9?
10
Let b(g) = -g**2 - 8*g + 15. Let o be b(6). Let c = -67 - o. Let x = 11 + c. What is the remainder when 100 is divided by x?
9
Suppose 0 = -3*w - 4*d + 1521, 22*w = 20*w + 5*d + 991. Suppose 4*o + 2*l = 54, 0*o - 3*l = 3*o - 39. What is the remainder when w is divided by o?
13
Let a be (-3 - -5*8/(-20))*-15. Let g = a + 4. What is the remainder when g is divided by 22?
13
Let s be ((-4)/3)/(12/36). What is the remainder when (-647)/(-11) - (s/(-11))/(-2) is divided by 17?
8
What is the remainder when 8843 is divided by 5/40*56 + 54?
59
Let a(k) = k**3 + 18*k**2 - 39*k + 23. Let j be a(-20). Calculate the remainder when 97 + (-20)/(-12) + 1/j is divided by 52.
47
Let o = 335 + -329. Suppose 3*i - 4*a = 59, 0 = i - 5*a - 33 + o. What is the remainder when 78 is divided by i?
10
What is the remainder when ((-37224)/693)/(1/(-7)) is divided by 31?
4
Let n = -7 - -13. Suppose -n*t + 7 = -245. Let y = t - -5. What is the remainder when y is divided by 16?
15
Suppose -26*y = -17189 - 17677. What is the remainder when y is divided by 84?
81
Suppose -5*r = -6*t - 223, -4*t = 3*r - 33 - 78. Calculate the remainder when 7/(-35) + (-802)/(-10) is divided by r.
39
Let f(z) be the second derivative of 2*z**3/3 + 2*z**2 + 3102*z. Let h be 0 - -1 - (-6 - 1). Calculate the remainder when 106 is divided by f(h).
34
Let n(m) = -4*m - 6. Suppose -50*h + 714 = 34*h + 18*h. Calculate the remainder when n(-6) is divided by h.
4
Let b(h) = -h**3 + 2*h**2 - h + 3. Let v be b(0). Let l = 31 + v. Let o(d) = d**2 + 10*d - 11. What is the remainder when o(8) is divided by l?
31
Suppose 0*y = -2*y - 2*y. Suppose -j + 20 = -2*k, 50 = j - y*j + 4*k. What is the remainder when j is divided by 15 - (0 - (0 + 1))?
14
Let q = 382 + -299. What is the remainder when q is divided by 35?
13
Suppose i - 4*i - 5*j = 1004, 2*i = -5*j - 666. Let t = -223 - i. Calculate the remainder when t is divided by 60.
55
Let u = 231 - 229. What is the remainder when 636 is divided by u?
0
Let w = -4842 + 4958. Calculate the remainder when 125 is divided by w.
9
Suppose -971 = 21*u - 2315. What is the remainder when 124 is divided by u?
60
Suppose 3*c - 102 = c. Let z = 4881 - 4475. What is the remainder when z is divided by c?
49
Let u(f) = 4946*f - 19765. Let q be (-735)/9 + (-1)/3. Let j = 156 + q. Calculate the remainder when j is divided by u(4).
17
Suppose f - 38 + 9 = 0. Suppose -30*y + 31*y = 15. Suppose -y*s = -11*s - 220. Calculate the remainder when s is divided by f.
26
Let v(c) = 2*c**2 - 211*c + 1592. Let k = -25 - -43. Calculate the remainder when v(8) is divided by k.
14
Let i(j) = -8*j**2 - 10*j + 7. Let k(g) = -11*g**2 - 15*g + 10. Let s(v) = -7*i(v) + 5*k(v). Calculate the remainder when 155 is divided by s(-6).
21
Let y = -9914 - -9926. What is the remainder when 7414 is divided by y?
10
Let y = 138 - 101. Let s(i) = -4*i - 4 + 5 + 0*i + y. What is the remainder when s(0) is divided by 5?
3
Suppose 42*g - 731 = 13*g + 429. Suppose -l - 2*d = -21, -2*l + 3*d = -2*d - 42. Calculate the remainder when g is divided by l.
19
Let s = 5357 + -5350. Let b(y) = y**2 - 3*y - 7. What is the remainder when b(-5) is divided by s?
5
Let f = 21 - 2. Suppose -232 = f*l - 21*l. What is the remainder when l is divided by 20?
16
Let h = -9176 - -9266. Calculate the remainder when 785 is divided by h.
65
Let n(k) = -4*k - 17. Let u be n(-5). What is the remainder when 44 is divided by 13/u*(7 + -4)?
5
Let d(a) = -a**3 + 12*a + 8 + 5 + 0*a - 5*a**2. Calculate the remainder when 53 is divided by d(-7).
26
Let w(l) = 5*l**3 - 2*l**2 - 7*l - 10. Let z be w(4). Suppose -9*a + z = -83. Calculate the remainder when 183 is divided by a.
35
Suppose -4*j + 21 + 35 = 0. Suppose -m - 571 + 128 = 0. Let y = 566 + m. Calculate the remainder when y is divided by j.
11
Suppose -3*o + 12 = o. Suppose 5*s + 3*h + 54 = 0, 0 = -3*s + 4*h - 3*h - 38. Let c = -8 - s. Calculate the remainder when c is divided by o.
1
Let v(p) = -2*p - 40. Let f be v(-20). Suppose f = x + 5 - 0. Calculate the remainder when 206/(10/x + 4) is divided by 26.
25
Let u(g) = 5*g**2 - 4*g + 2. Suppose -2*f - 673 = -677. What is the remainder when 54 is divided by u(f)?
12
Let q(x) = 3*x**2 - 41*x - 50. Suppose 2*k + 20 - 90 = 0. Calculate the remainder when k is divided by q(15).
5
Let y be 1/4 - (-1739)/4. Suppose -7*w - y + 183 = 0. Let t = 42 + w. What is the remainder when 10 is divided by t?
4
Let j(u) = 3*u**3 - 5*u**2 - 6*u + 5. Let q be j(3). Suppose -17*a + q*a - 90 = 0. What is the remainder when 668/12 - 1/(-3) is divided by a?
11
Let q(p) = p**2 - p - 11. Let g(w) = -w + 13. Let a be (2 - (-12)/(-8))/((-3)/(-114)). Let f be g(a). What is the remainder when 60 is divided by q(f)?
29
Let k(a) be the third derivative of 5*a**4/24 - 47*a**3/6 - 4*a**2 - 11. What is the remainder when 51 is divided by k(11)?
3
Let n = 2059 - 1973. What is the remainder when 7824 is divided by n?
84
Let p(d) = 2*d**3 - d**2 - 8*d + 2. Let x be p(3). Suppose 0 = 3*s - 32 + x. Suppose -m = 4, s*m + 108 = u + u. What is the remainder when 92 is divided by u?
44
Let j = 284 + 274. Let x = j + -461. Calculate the remainder when x is divided by 57.
40
Let t be (-1)/(1 + (-3584)/3592). Let f = -290 - t. Calculate the remainder when f is divided by 40.
39
Suppose 3*d = -3*m - 1359, d - 5*m = 3*d + 909. Let h = -444 - d. Calculate the remainder when 79 is divided by h.
7
Let j(m) = m**2 - 122*m + 1134. What is the remainder when 583 is divided by j(10)?
9
Let i(m) = 2*m**2 - 41*m - 102. Let j be 1*14/21*69/2. Calculate the remainder when i(j) is divided by 13.
0
Suppose v + 13 = 4*w, 3*w - v = -0*v + 10. Suppose 4*a - 43 - 61 = 5*f, -55 = -w*a - 2*f. Calculate the remainder when 7/a - 76/(-6) is divided by 4.
1
Let p = -606 - -361. What is the remainder when 191 is divided by ((-392)/p)/(1/30)?
47
Suppose 3*r = -3*u + 15, 4 = -57*u + 55*u - 4*r. What is the remainder when 16571 is divided by u?
11
Let u = 118 + -114. Suppose -127 = -4*k - 8*z + 3*z, -u*k + 2*z + 134 = 0. Calculate the remainder when 224 is divided by k.
26
Let t = -45 + 39. Let c = 12 + t. What is the remainder when 10 is divided by (0 + c)/(5/((-60)/(-8)))?
1
Let a(y) = 3*y**2 - 16*y 